hat is the remainder when 163747 is divided by 95?
62
Calculate the remainder when 51112 is divided by 2220.
52
What is the remainder when 11186 is divided by 158?
126
What is the remainder when 41561 is divided by 526?
7
What is the remainder when 6418 is divided by 3191?
36
Calculate the remainder when 606533 is divided by 60.
53
Calculate the remainder when 34577 is divided by 182.
179
What is the remainder when 18640 is divided by 478?
476
What is the remainder when 668225 is divided by 1110?
5
What is the remainder when 6235 is divided by 136?
115
What is the remainder when 2840 is divided by 563?
25
Calculate the remainder when 310224 is divided by 33.
24
What is the remainder when 29097 is divided by 485?
482
What is the remainder when 8548277 is divided by 1105?
1102
What is the remainder when 155470 is divided by 41?
39
What is the remainder when 6594 is divided by 44?
38
Calculate the remainder when 253172 is divided by 103.
101
Calculate the remainder when 49275 is divided by 116.
91
What is the remainder when 12973 is divided by 38?
15
What is the remainder when 5114 is divided by 471?
404
Calculate the remainder when 46859 is divided by 455.
449
What is the remainder when 630068 is divided by 31?
24
Calculate the remainder when 1984 is divided by 492.
16
What is the remainder when 1980 is divided by 548?
336
Calculate the remainder when 328867 is divided by 109620.
7
What is the remainder when 2913 is divided by 1407?
99
What is the remainder when 22476 is divided by 22350?
126
Calculate the remainder when 191957 is divided by 4362.
29
Calculate the remainder when 8433 is divided by 8391.
42
Calculate the remainder when 485 is divided by 327.
158
What is the remainder when 975 is divided by 75?
0
Calculate the remainder when 565 is divided by 539.
26
What is the remainder when 1243 is divided by 27?
1
What is the remainder when 68844 is divided by 34396?
52
Calculate the remainder when 658 is divided by 244.
170
What is the remainder when 204527 is divided by 24?
23
Calculate the remainder when 5681 is divided by 146.
133
What is the remainder when 1656346 is divided by 439?
438
Calculate the remainder when 16326 is divided by 2328.
30
Calculate the remainder when 7723 is divided by 483.
478
What is the remainder when 15099 is divided by 193?
45
What is the remainder when 472226 is divided by 53?
49
What is the remainder when 1033005 is divided by 243?
12
What is the remainder when 4494 is divided by 4138?
356
Calculate the remainder when 20614 is divided by 17.
10
What is the remainder when 70318 is divided by 169?
14
What is the remainder when 282125 is divided by 94034?
23
Calculate the remainder when 5483 is divided by 2659.
165
What is the remainder when 8442 is divided by 79?
68
What is the remainder when 186444 is divided by 86?
82
Calculate the remainder when 4122 is divided by 1181.
579
Calculate the remainder when 6610 is divided by 11.
10
What is the remainder when 166 is divided by 40?
6
What is the remainder when 14079 is divided by 54?
39
What is the remainder when 62775 is divided by 118?
117
What is the remainder when 6512 is divided by 57?
14
Calculate the remainder when 51800 is divided by 296.
0
What is the remainder when 77022 is divided by 753?
216
Calculate the remainder when 612 is divided by 93.
54
Calculate the remainder when 1038639 is divided by 13.
4
What is the remainder when 25829 is divided by 10?
9
Calculate the remainder when 37569 is divided by 12520.
9
Calculate the remainder when 23946 is divided by 1218.
804
What is the remainder when 337174 is divided by 18?
16
Calculate the remainder when 85855 is divided by 530.
525
Calculate the remainder when 23213 is divided by 5785.
73
What is the remainder when 3973 is divided by 960?
133
What is the remainder when 876831 is divided by 8?
7
Calculate the remainder when 169692 is divided by 8.
4
What is the remainder when 4853 is divided by 205?
138
What is the remainder when 23472 is divided by 10?
2
Calculate the remainder when 39883 is divided by 236.
235
What is the remainder when 2935 is divided by 973?
16
Calculate the remainder when 8379 is divided by 405.
279
What is the remainder when 128605 is divided by 42866?
7
Calculate the remainder when 26863 is divided by 1931.
1760
Calculate the remainder when 281670 is divided by 157.
12
Calculate the remainder when 776 is divided by 382.
12
Calculate the remainder when 1657 is divided by 56.
33
Calculate the remainder when 11076 is divided by 240.
36
Calculate the remainder when 44235 is divided by 4418.
55
What is the remainder when 998526 is divided by 538?
536
Calculate the remainder when 442991 is divided by 1877.
19
Calculate the remainder when 217707 is divided by 53.
36
What is the remainder when 97341 is divided by 370?
31
Calculate the remainder when 25794 is divided by 776.
186
Calculate the remainder when 131007 is divided by 67.
22
What is the remainder when 3806 is divided by 232?
94
Calculate the remainder when 17379 is divided by 40.
19
What is the remainder when 6341 is divided by 943?
683
What is the remainder when 7087 is divided by 472?
7
Calculate the remainder when 5838 is divided by 1408.
206
What is the remainder when 13459 is divided by 198?
193
Calculate the remainder when 19534 is divided by 1556.
862
Calculate the remainder when 42629 is divided by 147.
146
What is the remainder when 23529 is divided by 167?
149
Calculate the remainder when 395675 is divided by 98918.
3
What is the remainder when 40817 is divided by 168?
161
Calculate the remainder when 2462964 is divided by 2317.
2310
What is the remainder when 35235 is divided by 476?
11
Calculate the remainder when 807775 is divided by 269255.
10
Calculate the remainder when 961 is divided by 19.
11
Calculate the remainder when 45202 is divided by 15066.
4
What is the remainder when 184244 is divided by 46?
14
What is the remainder when 892234 is divided by 201?
196
What is the remainder when 384 is divided by 317?
67
What is the remainder when 50240 is divided by 1434?
50
What is the remainder when 31943 is divided by 58?
43
Calculate the remainder when 20862 is divided by 1036.
142
Calculate the remainder when 22109 is divided by 919.
53
What is the remainder when 78432 is divided by 70?
32
Calculate the remainder when 26166 is divided by 3269.
14
What is the remainder when 70859 is divided by 70853?
6
Calculate the remainder when 208234 is divided by 110.
4
Calculate the remainder when 87694 is divided by 559.
490
Calculate the remainder when 3081 is divided by 43.
28
What is the remainder when 106392 is divided by 10636?
32
What is the remainder when 3528 is divided by 1171?
15
What is the remainder when 6688 is divided by 204?
160
What is the remainder when 9765 is divided by 90?
45
What is the remainder when 2143 is divided by 372?
283
What is the remainder when 2739 is divided by 592?
371
What is the remainder when 2339 is divided by 88?
51
What is the remainder when 59094 is divided by 183?
168
Calculate the remainder when 320825 is divided by 18.
11
Calculate the remainder when 31161 is divided by 1344.
249
Calculate the remainder when 9476 is divided by 102.
92
Calculate the remainder when 37170 is divided by 7.
0
What is the remainder when 443526 is divided by 109?
5
What is the remainder when 3119 is divided by 726?
215
What is the remainder when 3420 is divided by 402?
204
What is the remainder when 4071 is divided by 654?
147
What is the remainder when 44416 is divided by 5546?
48
Calculate the remainder when 2514 is divided by 359.
1
Calculate the remainder when 391587 is divided by 999.
978
Calculate the remainder when 74205 is divided by 82.
77
Calculate the remainder when 2354 is divided by 579.
38
What is the remainder when 3458908 is divided by 910?
908
Calculate the remainder when 93050 is divided by 76.
26
What is the remainder when 21676 is divided by 424?
52
What is the remainder when 5471 is divided by 470?
301
What is the remainder when 35750 is divided by 170?
50
Calculate the remainder when 521810 is divided by 111.
110
Calculate the remainder when 471130 is divided by 29.
25
What is the remainder when 17016 is divided by 162?
6
What is the remainder when 15733 is divided by 3100?
233
What 